 Calculate the highest common factor of h and 3.
3
Let t be 3*(15/9 - 1). Let y be -70*(5/10 - t). What is the greatest common factor of y and 35?
35
Let r = 11 + 11. Let d be (-15)/(-2)*48/36. Suppose -d*l + 5*l + 1100 = 0. What is the greatest common factor of l and r?
22
Let i be 1 - 4 - (3 - 4). Let t be 7/i*(-1 + -1). Suppose 77 = t*c - 28. What is the greatest common divisor of 135 and c?
15
Let y(o) = o**3 + 5*o**2 + 2*o - 2. Let j be y(-5). Let k = j + 9. Let m be (-17)/k + (-4)/6. Calculate the highest common divisor of 10 and m.
5
Suppose -338 = -30*y + 262. Calculate the greatest common factor of y and 10.
10
Suppose j - f = 3 - 1, -40 = -5*j - f. Suppose 53 = z + j. Calculate the highest common factor of z and 69.
23
Suppose -4*u - 4*a = -144, 5*u + 2*a - 86 = 91. Calculate the greatest common factor of 5 and u.
5
Let t = 1 - -11. Suppose -3*f - 264 - 204 = 0. Let p = f - -240. What is the highest common divisor of p and t?
12
Suppose 5*c = 3*n + 6, 3*n - 8*c + 4*c + 3 = 0. Suppose h - 157 + n = 0. Let k = 31 + -9. Calculate the highest common divisor of h and k.
22
Let d(m) = 5*m - 6. Let q be d(6). Calculate the highest common factor of 60 and q.
12
Suppose y = 5*g - 81, -3*g + 6*y + 53 = y. What is the greatest common factor of g and 112?
16
Let h = 8108 - 8090. Let g(t) = t**2 - 4*t - 5. Let z be g(-7). Calculate the highest common factor of h and z.
18
Suppose -4*m + 3 - 2 = -d, -5*d + 12 = -3*m. What is the highest common divisor of m and 43?
1
Suppose -1162 = -5*m + m - 2*a, -2*a = -2. Calculate the highest common factor of m and 10.
10
Let n be 3/12*-4*-1 + 2. Let j = -2 + 4. Suppose -j*o + 44 = -2*k + 4*k, -102 = -5*k - n*o. What is the highest common divisor of k and 144?
18
Suppose -12*o + 9 = -9*o. Suppose 168 = 4*b - 4*h, o*b - 116 = 3*h - 5*h. What is the greatest common factor of 10 and b?
10
Suppose -865 = -3*w + 170. What is the highest common factor of 15 and w?
15
Suppose 52*v - 795 = 48*v + 5*a, 0 = -v - 3*a + 220. What is the highest common divisor of 82 and v?
41
Let k be (-5 - (-459)/15)*15/2. What is the highest common factor of k and 6?
6
Suppose 4*j - f = -0*f + 103, 5*f = 2*j - 47. Suppose 19 - 27 = -4*n, 0 = 2*x - 5*n - 42. What is the highest common divisor of j and x?
26
Let h be (-4)/(-18)*-1 + 23205/(-189). Let p = 147 + h. What is the greatest common divisor of 12 and p?
12
Let h(o) = -14*o + 101. Let l be h(6). What is the greatest common factor of l and 272?
17
Suppose -7*u + 7 = -6*u. Suppose -u*o = -12*o + 60. Let r(b) = 4*b - 1. Let y be r(1). What is the highest common factor of o and y?
3
Let p(g) = -g**3 + 12*g**2 - 7*g - 2. Let v be (-3 - 1)/2 + 13. Let m be p(v). Let x = -24 + m. What is the highest common divisor of x and 90?
18
Let f = 145 - 55. Suppose -4*b = -5*d + 107 + 59, -18 = -d - 3*b. Let v be 54/(-4)*(-40)/d. What is the highest common factor of v and f?
18
Suppose 0 = -5*r - 3*c + 2145, r - 139 = -2*c + 283. Calculate the highest common divisor of 27 and r.
27
Suppose -5*k + w = 5*w - 328, 2*w = -4*k + 260. Calculate the greatest common divisor of 12 and k.
4
Let u = -3115 - -5067. Calculate the greatest common factor of 122 and u.
122
Let a(g) = g**2 + 1 + 3*g - 3*g + 0. Let z(w) = -2*w**2 + 8*w - 8. Let f(i) = -3*a(i) - z(i). Let n be f(-7). Calculate the greatest common factor of 24 and n.
12
Suppose 0*r + 4*m = -3*r + 236, 0 = 2*r + m - 159. Let v = 233 + -201. Calculate the greatest common factor of v and r.
16
Suppose -3*q - 3 = -2*v + 6*v, -2*q = -2*v - 12. Suppose 0 = -11*x + 46 - 2. Calculate the highest common divisor of x and q.
1
Suppose 8*c - 10*c = 24. Let m(l) = l**3 + 13*l**2 + 11*l - 2. Let b be m(c). Let u be (10/6)/((-5)/(-45)). What is the highest common divisor of b and u?
5
Let c = 0 - -3. Suppose 0 = -4*b, -c*m + 5*b + 6 = -0*m. Let g be (-12)/(-2)*m*5. What is the highest common factor of g and 10?
10
Suppose -2*z = -15 - 9. Let t(b) = -b + 5*b + 10 - 3*b - z. Let w be t(9). What is the highest common factor of w and 14?
7
Suppose h + 3*h - 108 = 0. What is the greatest common divisor of 108 and h?
27
Suppose 0*m + 5*m - 2*r + 40 = 0, -2*m - 3*r = -3. Let b = 20 + m. Let t be (-2)/7 + 1390/b. Calculate the greatest common factor of 11 and t.
11
Let j be -2 + (-206)/(-3) - 15/9. What is the highest common divisor of 325 and j?
65
Suppose 4*c - 4*x - 77 - 167 = 0, 2*c - 5*x - 110 = 0. What is the greatest common divisor of c and 195?
65
Let q = -30 - -32. Suppose -q*m + 3*b - 6*b + 52 = 0, 0 = -4*m + 4*b + 64. What is the highest common factor of 160 and m?
20
Suppose -137 = 8*o - 273. Calculate the greatest common divisor of 3893 and o.
17
Let x(k) = 22*k - 1. Let m be x(7). Suppose -2*j - 3*n = j - m, 5*j - 237 = n. Calculate the highest common factor of j and 36.
12
Suppose 2 = -85*v + 87*v - 2*p, v - 4*p + 11 = 0. What is the highest common divisor of v and 34?
1
Suppose 3 = i - 1. Suppose 10 = i*y - 2*y. Let f be -8*(-4)/(4/y). Calculate the greatest common factor of 8 and f.
8
Suppose 0 = -3*m - 2*y + 63, -5*m + 105 = -7*y + 2*y. Let a = 32 - m. What is the highest common divisor of a and 1?
1
Let a be 1358/5 - (185/(-25) - -7). What is the greatest common factor of 17 and a?
17
Suppose 4*p - 791 = -3*s, 0 = 10*p - 7*p - 4*s - 612. Suppose r = 3*w - 89 + 10, 5*r - 105 = -5*w. Calculate the highest common factor of p and w.
25
Let y = 33 - 29. Suppose -y*w = -2*t - 9 + 29, -4*t + 37 = -5*w. What is the highest common divisor of t and 16?
8
Let t = 13 - 11. Suppose -t*s = 2*s - 12. Suppose 24 = s*u - 93. What is the greatest common divisor of u and 429?
39
Suppose -518 = -21*n + 175. Calculate the highest common divisor of 1023 and n.
33
Let q = -180 - -540. What is the greatest common factor of q and 4?
4
Let n be -1 - 0 - (-7 + -1). Suppose 5*d + 6 = -34. Let g be ((-679)/194)/(-1 + (-7)/d). Calculate the highest common divisor of n and g.
7
Let x(y) = -2*y**2 - 13*y - 15. Let n(d) = -6*d**2 - 39*d - 44. Let v(s) = -6*n(s) + 17*x(s). Let q be v(-6). What is the highest common divisor of 6 and q?
3
Suppose -15*i + 14*i + 18 = 0. Calculate the greatest common divisor of 24 and i.
6
Let b(y) = y**3 - 11*y**2 + 8*y + 9. Let d be b(10). Let a = d - -24. Let k = 70 + -44. Calculate the highest common divisor of a and k.
13
Let c(m) = 40*m**3 - 2*m - 1. Let o be c(-1). Let l = o + 69. Suppose p - 214 = -4*v, -141 = -3*p + 3*v + 486. Calculate the highest common divisor of p and l.
30
Let s be (-14)/(3 - (-7)/(-2)). Let q = -19 + s. Let d be (-8)/3*q/(-2). What is the highest common divisor of d and 3?
3
Suppose -a + 5*a = 2*o + 2442, -2*a + 3*o = -1219. What is the highest common divisor of a and 47?
47
Let a(f) = -f**3 - 14*f**2 - 21*f - 15. Let d be a(-10). Let w = -101 - d. Calculate the highest common factor of 13 and w.
13
Let t be 67/13 - 5 - (-817)/13. What is the highest common divisor of 21 and t?
21
Let p = -184 - -207. Let f = -312 - -473. What is the highest common divisor of f and p?
23
Suppose 16 + 10 = 2*l. What is the highest common factor of 455 and l?
13
Let k be 30 - (-5)/((-20)/(-12)). What is the highest common factor of k and 3?
3
Suppose 0 = 308*a - 306*a - 96. Calculate the greatest common factor of a and 144.
48
Let x(h) = 23*h - 7. Let i be x(3). Suppose -7 = 2*a + r - 4, 4*a = 2*r - 10. Let c = i + a. Calculate the greatest common factor of 15 and c.
15
Let j(m) = m**2 - 4*m - 5. Let k be j(5). Suppose k = -0*f + 4*f - 40. Suppose 8*u - 176 = 704. Calculate the greatest common divisor of u and f.
10
Suppose -4*k + 2*k - y = -15, -20 = -k + 2*y. Calculate the highest common factor of k and 640.
10
Let o be ((-4)/(-18))/((-6)/(-54)). Suppose 67 = 2*x + 5*v, -63 = -5*x + o*x + 5*v. Let t = 21 - -5. What is the greatest common divisor of x and t?
26
Let t = 157 - 145. What is the greatest common divisor of t and 27?
3
Let b be (-1)/((-3)/(-72))*-5. Let n(q) = q + 1. Let g be n(-2). Let r = g - -16. What is the greatest common divisor of r and b?
15
Suppose t - 284 = 3*v - 23, 4*t + 4*v = 1092. Let n = t - 174. Calculate the highest common factor of n and 12.
12
Suppose 4*s - 2*z + 47 - 15 = 0, -2*s - 8 = 3*z. Let y = 15 + s. What is the greatest common factor of y and 88?
8
Let i = 241 - 61. Let a be (i/(-16))/(3/(-12)). Let f(n)